{"id":832706,"date":"2024-02-24T23:06:04","date_gmt":"2024-02-24T22:06:04","guid":{"rendered":"https:\/\/lesheuresbleues.fr\/?page_id=832706"},"modified":"2024-07-05T02:04:24","modified_gmt":"2024-07-05T00:04:24","slug":"quatuor-reverso","status":"publish","type":"page","link":"http:\/\/lesheuresbleues.fr\/?page_id=832706","title":{"rendered":"Quatuor Reverso"},"content":{"rendered":"\n<p>Laissons-les se pr\u00e9senter elles-m\u00eames\u2026<\/p>\n\n\n\n<p>C&rsquo;est avec plaisir que nous vous pr\u00e9sentons notre quatuor!<br>4 \u00e9tudiantes \u00e0 l&rsquo;IESM r\u00e9unies par la passion de la musique. Marion Tournier (V1), C\u00e9cilia Veran (V2), Metelyn Curtis \u00e0 l&rsquo;alto et Valentine Lalande au violoncelle.<br>Nous avons form\u00e9 ce groupe en 2021 avec la volont\u00e9 commune de monter et interpr\u00e9ter les plus belles pi\u00e8ces de quatuor \u00e0 cordes, suite \u00e0 quoi s&rsquo;est nou\u00e9e une entente amicale et musicale forte nous poussant \u00e0 officialiser notre groupe afin de pouvoir faire des concerts, des stages ainsi que participer \u00e0 des festivals tels que celui du Luberon.<br>En symbiose aussi bien musicalement qu&rsquo;humainement, nous sommes ravies de vous faire partager cette aventure. Nous esp\u00e9rons qu&rsquo;elle durera dans le temps, et que notre quatuor parviendra \u00e0 vous s\u00e9duire musicalement!<br>Avec le sourire, nous nous pr\u00e9sentons \u00e0 vous : nous sommes le Quatuor Reverso.<\/p>\n\n\n<div class=\"wp-block-image\">\n<figure class=\"aligncenter size-large\"><img loading=\"lazy\" decoding=\"async\" width=\"1024\" height=\"683\" src=\"https:\/\/lesheuresbleues.fr\/wp-content\/uploads\/2024\/02\/Quatuor-Reverso-1024x683.jpg\" alt=\"\" class=\"wp-image-832730\" srcset=\"http:\/\/lesheuresbleues.fr\/wp-content\/uploads\/2024\/02\/Quatuor-Reverso-1024x683.jpg 1024w, http:\/\/lesheuresbleues.fr\/wp-content\/uploads\/2024\/02\/Quatuor-Reverso-300x200.jpg 300w, http:\/\/lesheuresbleues.fr\/wp-content\/uploads\/2024\/02\/Quatuor-Reverso-768x512.jpg 768w, http:\/\/lesheuresbleues.fr\/wp-content\/uploads\/2024\/02\/Quatuor-Reverso.jpg 1152w\" sizes=\"auto, (max-width: 1024px) 100vw, 1024px\" \/><\/figure>\n<\/div>\n\n\n<p>Elles ont \u00e9t\u00e9 applaudies aux Heures Bleues le 4 juillet 2024.<\/p>\n\n\n\n<p>Et pour mieux les conna\u00eetre, une vid\u00e9o dans laquelle ils nous parlent des Heures Bleues\u2026<\/p>\n\n\n\n<figure class=\"wp-block-embed is-type-video is-provider-youtube wp-block-embed-youtube wp-embed-aspect-16-9 wp-has-aspect-ratio\"><div class=\"wp-block-embed__wrapper\">\n<iframe loading=\"lazy\" title=\"La quatuor Reverso\" width=\"474\" height=\"267\" src=\"https:\/\/www.youtube.com\/embed\/FIR4vuCp4-w?feature=oembed\" frameborder=\"0\" allow=\"accelerometer; autoplay; clipboard-write; encrypted-media; gyroscope; picture-in-picture; web-share\" referrerpolicy=\"strict-origin-when-cross-origin\" allowfullscreen><\/iframe>\n<\/div><\/figure>\n","protected":false},"excerpt":{"rendered":"<p>Laissons-les se pr\u00e9senter elles-m\u00eames\u2026 C&rsquo;est avec plaisir que nous vous pr\u00e9sentons notre quatuor!4 \u00e9tudiantes \u00e0 l&rsquo;IESM r\u00e9unies par la passion de la musique. Marion Tournier (V1), C\u00e9cilia Veran (V2), Metelyn Curtis \u00e0 l&rsquo;alto et Valentine Lalande au violoncelle.Nous avons form\u00e9 ce groupe en 2021 avec la volont\u00e9 commune de monter et interpr\u00e9ter les plus belles &hellip; <a href=\"http:\/\/lesheuresbleues.fr\/?page_id=832706\" class=\"more-link\">Continuer la lecture de <span class=\"screen-reader-text\">Quatuor Reverso<\/span>  <span class=\"meta-nav\">&rarr;<\/span><\/a><\/p>\n","protected":false},"author":143852627,"featured_media":0,"parent":340,"menu_order":0,"comment_status":"closed","ping_status":"closed","template":"","meta":{"_coblocks_attr":"","_coblocks_dimensions":"","_coblocks_responsive_height":"","_coblocks_accordion_ie_support":"","footnotes":""},"class_list":["post-832706","page","type-page","status-publish","hentry"],"_links":{"self":[{"href":"http:\/\/lesheuresbleues.fr\/index.php?rest_route=\/wp\/v2\/pages\/832706","targetHints":{"allow":["GET"]}}],"collection":[{"href":"http:\/\/lesheuresbleues.fr\/index.php?rest_route=\/wp\/v2\/pages"}],"about":[{"href":"http:\/\/lesheuresbleues.fr\/index.php?rest_route=\/wp\/v2\/types\/page"}],"author":[{"embeddable":true,"href":"http:\/\/lesheuresbleues.fr\/index.php?rest_route=\/wp\/v2\/users\/143852627"}],"replies":[{"embeddable":true,"href":"http:\/\/lesheuresbleues.fr\/index.php?rest_route=%2Fwp%2Fv2%2Fcomments&post=832706"}],"version-history":[{"count":0,"href":"http:\/\/lesheuresbleues.fr\/index.php?rest_route=\/wp\/v2\/pages\/832706\/revisions"}],"up":[{"embeddable":true,"href":"http:\/\/lesheuresbleues.fr\/index.php?rest_route=\/wp\/v2\/pages\/340"}],"wp:attachment":[{"href":"http:\/\/lesheuresbleues.fr\/index.php?rest_route=%2Fwp%2Fv2%2Fmedia&parent=832706"}],"curies":[{"name":"wp","href":"https:\/\/api.w.org\/{rel}","templated":true}]}}