{"id":769446,"date":"2023-12-14T00:47:50","date_gmt":"2023-12-13T23:47:50","guid":{"rendered":"https:\/\/lesheuresbleues.fr\/?page_id=769446"},"modified":"2023-12-14T11:07:44","modified_gmt":"2023-12-14T10:07:44","slug":"les-heures-bleues-2023-un-instant-sous-les-etoiles","status":"publish","type":"page","link":"http:\/\/lesheuresbleues.fr\/?page_id=769446","title":{"rendered":"Les Heures Bleues 2023: un instant sous les \u00e9toiles"},"content":{"rendered":"\n<p><\/p>\n\n\n\n<p>Selon la formule d\u2019Edgard Morin, qui vient de marquer ses 102 ans ce 8 juillet, le festival Les Heures Bleues aura \u00ab<em>interrog\u00e9 sur ce que la musique nous dit, non seulement de nous-m\u00eames, mais aussi du cosmos&#8230;.<\/em>\u00bb.\u00a0<\/p>\n\n\n\n<p>Ces trois soir\u00e9es ont r\u00e9uni pr\u00e8s de 1300 festivaliers qui auront pu d\u00e9couvrir le ch\u00e2teau et la culture port\u00e9e par Saint Jean d\u2019\u00c9cosse au travers d\u2019un \u00e9v\u00e8nement qui s\u2019inscrit dans le paysage culturel de notre belle ville de Marseille et plus largement de la Provence.<\/p>\n\n\n<div class=\"wp-block-image is-style-rounded\">\n<figure class=\"aligncenter size-medium\"><img loading=\"lazy\" decoding=\"async\" width=\"300\" height=\"161\" src=\"https:\/\/lesheuresbleues.fr\/wp-content\/uploads\/2023\/07\/20230706-Coeur-dans-le-ciel-4175201468-e1688995299135-300x161.jpg\" alt=\"\" class=\"wp-image-653136\" srcset=\"http:\/\/lesheuresbleues.fr\/wp-content\/uploads\/2023\/07\/20230706-Coeur-dans-le-ciel-4175201468-e1688995299135-300x161.jpg 300w, http:\/\/lesheuresbleues.fr\/wp-content\/uploads\/2023\/07\/20230706-Coeur-dans-le-ciel-4175201468-e1688995299135-1024x550.jpg 1024w, http:\/\/lesheuresbleues.fr\/wp-content\/uploads\/2023\/07\/20230706-Coeur-dans-le-ciel-4175201468-e1688995299135-768x413.jpg 768w, http:\/\/lesheuresbleues.fr\/wp-content\/uploads\/2023\/07\/20230706-Coeur-dans-le-ciel-4175201468-e1688995299135-1536x825.jpg 1536w, http:\/\/lesheuresbleues.fr\/wp-content\/uploads\/2023\/07\/20230706-Coeur-dans-le-ciel-4175201468-e1688995299135.jpg 2048w\" sizes=\"auto, (max-width: 300px) 100vw, 300px\" \/><\/figure>\n<\/div>\n\n\n<p>Depuis sa premi\u00e8re \u00e9dition, le festival, sous la houlette de son initiateur, Pr\u00e9sident de la Grande Loge de France, Thierry Zaveroni, volontaires et professionnels n\u2019ont pas compt\u00e9s les heures et l\u2019envie de faire de ce rendez-vous un point d\u2019orgue. Avec ce troisi\u00e8me opus, Les Heures Bleues ont justifi\u00e9 pleinement la pens\u00e9e bien connue du Taciturne&nbsp;\u00ab<em>Il n\u2019est pas n\u00e9cessaire d\u2019esp\u00e9rer pour entreprendre, ni de r\u00e9ussir pour pers\u00e9v\u00e9rer<\/em>\u00bb.<\/p>\n\n\n\n<p>Les trois formations du collectif \u00abGuinguette Hot Club\u00bb ont su cr\u00e9er une dimension&nbsp;&nbsp;propice \u00e0 l\u2019ouverture de chacune de ces soir\u00e9es et donner un temps de rencontre \u00e0 toutes et \u00e0 tous sur le parvis du ch\u00e2teau Saint-Antoine, pour accompagner la venue du manteau d\u2019\u00e9toiles. Ces impromptus port\u00e9s par Ritournelles,&nbsp;&nbsp;Fran6ter et Paulette ont \u00e9t\u00e9 pour beaucoup une d\u00e9couverte de talents dont notre r\u00e9gion foisonne. Les concerts qui ont suivi ont faits vivre des voyages musicaux riches et aux tonalit\u00e9s et sensibilit\u00e9s diverses gr\u00e2ce \u00e0<em>&nbsp;l\u2019Orchestre philarmonique de Provence, I messageri et Canta Diva.&nbsp;<\/em><\/p>\n\n\n\n<figure class=\"wp-block-gallery has-nested-images columns-default is-cropped wp-block-gallery-1 is-layout-flex wp-block-gallery-is-layout-flex\">\n<figure class=\"wp-block-image size-large\"><img loading=\"lazy\" decoding=\"async\" width=\"1024\" height=\"683\" data-id=\"652948\" src=\"https:\/\/lesheuresbleues.fr\/wp-content\/uploads\/2023\/07\/20230708-Canta-diva-1024x683.jpg\" alt=\"\" class=\"wp-image-652948\" srcset=\"http:\/\/lesheuresbleues.fr\/wp-content\/uploads\/2023\/07\/20230708-Canta-diva-1024x683.jpg 1024w, http:\/\/lesheuresbleues.fr\/wp-content\/uploads\/2023\/07\/20230708-Canta-diva-300x200.jpg 300w, http:\/\/lesheuresbleues.fr\/wp-content\/uploads\/2023\/07\/20230708-Canta-diva-768x512.jpg 768w, http:\/\/lesheuresbleues.fr\/wp-content\/uploads\/2023\/07\/20230708-Canta-diva.jpg 1200w\" sizes=\"auto, (max-width: 1024px) 100vw, 1024px\" \/><\/figure>\n\n\n\n<figure class=\"wp-block-image size-large\"><img loading=\"lazy\" decoding=\"async\" width=\"1024\" height=\"683\" data-id=\"652943\" src=\"https:\/\/lesheuresbleues.fr\/wp-content\/uploads\/2023\/07\/20230708-Paulette-1024x683.jpg\" alt=\"\" class=\"wp-image-652943\" srcset=\"http:\/\/lesheuresbleues.fr\/wp-content\/uploads\/2023\/07\/20230708-Paulette-1024x683.jpg 1024w, http:\/\/lesheuresbleues.fr\/wp-content\/uploads\/2023\/07\/20230708-Paulette-300x200.jpg 300w, http:\/\/lesheuresbleues.fr\/wp-content\/uploads\/2023\/07\/20230708-Paulette-768x512.jpg 768w, http:\/\/lesheuresbleues.fr\/wp-content\/uploads\/2023\/07\/20230708-Paulette.jpg 1200w\" sizes=\"auto, (max-width: 1024px) 100vw, 1024px\" \/><\/figure>\n\n\n\n<figure class=\"wp-block-image size-large\"><img loading=\"lazy\" decoding=\"async\" width=\"1024\" height=\"879\" data-id=\"627366\" src=\"https:\/\/lesheuresbleues.fr\/wp-content\/uploads\/2023\/06\/I-messsari-03-1024x879.png\" alt=\"\" class=\"wp-image-627366\" srcset=\"http:\/\/lesheuresbleues.fr\/wp-content\/uploads\/2023\/06\/I-messsari-03-1024x879.png 1024w, http:\/\/lesheuresbleues.fr\/wp-content\/uploads\/2023\/06\/I-messsari-03-300x258.png 300w, http:\/\/lesheuresbleues.fr\/wp-content\/uploads\/2023\/06\/I-messsari-03-768x660.png 768w, http:\/\/lesheuresbleues.fr\/wp-content\/uploads\/2023\/06\/I-messsari-03-1536x1319.png 1536w, http:\/\/lesheuresbleues.fr\/wp-content\/uploads\/2023\/06\/I-messsari-03-2048x1759.png 2048w\" sizes=\"auto, (max-width: 1024px) 100vw, 1024px\" \/><\/figure>\n\n\n\n<figure class=\"wp-block-image size-large\"><img loading=\"lazy\" decoding=\"async\" width=\"1024\" height=\"721\" data-id=\"571769\" src=\"https:\/\/lesheuresbleues.fr\/wp-content\/uploads\/2023\/04\/Paulette-01.jpg\" alt=\"\" class=\"wp-image-571769\" srcset=\"http:\/\/lesheuresbleues.fr\/wp-content\/uploads\/2023\/04\/Paulette-01.jpg 1024w, http:\/\/lesheuresbleues.fr\/wp-content\/uploads\/2023\/04\/Paulette-01-300x211.jpg 300w, http:\/\/lesheuresbleues.fr\/wp-content\/uploads\/2023\/04\/Paulette-01-768x541.jpg 768w\" sizes=\"auto, (max-width: 1024px) 100vw, 1024px\" \/><\/figure>\n\n\n\n<figure class=\"wp-block-image size-large\"><img loading=\"lazy\" decoding=\"async\" width=\"1024\" height=\"684\" data-id=\"571767\" src=\"https:\/\/lesheuresbleues.fr\/wp-content\/uploads\/2023\/04\/Fran6ters-Trio01-1024x684.png\" alt=\"\" class=\"wp-image-571767\" srcset=\"http:\/\/lesheuresbleues.fr\/wp-content\/uploads\/2023\/04\/Fran6ters-Trio01-1024x684.png 1024w, http:\/\/lesheuresbleues.fr\/wp-content\/uploads\/2023\/04\/Fran6ters-Trio01-300x200.png 300w, http:\/\/lesheuresbleues.fr\/wp-content\/uploads\/2023\/04\/Fran6ters-Trio01-768x513.png 768w, http:\/\/lesheuresbleues.fr\/wp-content\/uploads\/2023\/04\/Fran6ters-Trio01-1536x1025.png 1536w, http:\/\/lesheuresbleues.fr\/wp-content\/uploads\/2023\/04\/Fran6ters-Trio01-2048x1367.png 2048w\" sizes=\"auto, (max-width: 1024px) 100vw, 1024px\" \/><\/figure>\n\n\n\n<figure class=\"wp-block-image size-large\"><img loading=\"lazy\" decoding=\"async\" width=\"1024\" height=\"360\" data-id=\"554777\" src=\"https:\/\/lesheuresbleues.fr\/wp-content\/uploads\/2023\/03\/OPP13-01-1024x360.jpg\" alt=\"\" class=\"wp-image-554777\" srcset=\"http:\/\/lesheuresbleues.fr\/wp-content\/uploads\/2023\/03\/OPP13-01-1024x360.jpg 1024w, http:\/\/lesheuresbleues.fr\/wp-content\/uploads\/2023\/03\/OPP13-01-300x105.jpg 300w, http:\/\/lesheuresbleues.fr\/wp-content\/uploads\/2023\/03\/OPP13-01-768x270.jpg 768w, http:\/\/lesheuresbleues.fr\/wp-content\/uploads\/2023\/03\/OPP13-01.jpg 1113w\" sizes=\"auto, (max-width: 1024px) 100vw, 1024px\" \/><\/figure>\n<\/figure>\n\n\n\n<p class=\"has-dark-gray-color has-text-color has-link-color wp-elements-d974e03fbf86900110d33ad7d69b56c0\"><a>La culture, n\u2019est-ce pas un mot \u00e9trange pour d\u00e9signer tout ce qui pousse en nous de vrai? Et pour nombre de festivalier cela fut aussi le moment de d\u00e9couvrir ou red\u00e9couvrir \u00ab<em>Le comptoir du livre<\/em>\u00bb au travers d\u2019un large choix d\u2019ouvrages sp\u00e9cialis\u00e9s.<\/a><\/p>\n\n\n\n<p>Le Festival a aussi voulu mettre \u00e0 l\u2019honneur l\u2019art de l\u2019image par une exposition photographique et la remise de deux prix par Thierry Zaveroni, issus des votes r\u00e9colt\u00e9s tout au long de ces soir\u00e9es pour chacun des exposants. Le premier est all\u00e9 \u00e0 Jeremy Deumi\u00e9, le second \u00e0 Pascal Clairet et le troisi\u00e8me \u00e0 C\u00e9cile Perrin.<\/p>\n\n\n\n<figure class=\"wp-block-gallery has-nested-images columns-default is-cropped wp-block-gallery-2 is-layout-flex wp-block-gallery-is-layout-flex\">\n<figure class=\"wp-block-image size-large is-style-rounded\"><img loading=\"lazy\" decoding=\"async\" width=\"258\" height=\"378\" data-id=\"604991\" src=\"https:\/\/lesheuresbleues.fr\/wp-content\/uploads\/2023\/05\/2023PerrinPortrait.png\" alt=\"\" class=\"wp-image-604991\" srcset=\"http:\/\/lesheuresbleues.fr\/wp-content\/uploads\/2023\/05\/2023PerrinPortrait.png 258w, http:\/\/lesheuresbleues.fr\/wp-content\/uploads\/2023\/05\/2023PerrinPortrait-205x300.png 205w\" sizes=\"auto, (max-width: 258px) 100vw, 258px\" \/><\/figure>\n\n\n\n<figure class=\"wp-block-image size-large is-style-rounded\"><img loading=\"lazy\" decoding=\"async\" width=\"212\" height=\"350\" data-id=\"604976\" src=\"https:\/\/lesheuresbleues.fr\/wp-content\/uploads\/2023\/05\/2023DeumiePortrait.jpg\" alt=\"\" class=\"wp-image-604976\" srcset=\"http:\/\/lesheuresbleues.fr\/wp-content\/uploads\/2023\/05\/2023DeumiePortrait.jpg 212w, http:\/\/lesheuresbleues.fr\/wp-content\/uploads\/2023\/05\/2023DeumiePortrait-182x300.jpg 182w\" sizes=\"auto, (max-width: 212px) 100vw, 212px\" \/><\/figure>\n\n\n\n<figure class=\"wp-block-image size-large is-style-rounded\"><img loading=\"lazy\" decoding=\"async\" width=\"230\" height=\"230\" data-id=\"604898\" src=\"https:\/\/lesheuresbleues.fr\/wp-content\/uploads\/2023\/05\/2023Clairetportrait.jpg\" alt=\"\" class=\"wp-image-604898\" srcset=\"http:\/\/lesheuresbleues.fr\/wp-content\/uploads\/2023\/05\/2023Clairetportrait.jpg 230w, http:\/\/lesheuresbleues.fr\/wp-content\/uploads\/2023\/05\/2023Clairetportrait-150x150.jpg 150w\" sizes=\"auto, (max-width: 230px) 100vw, 230px\" \/><\/figure>\n<\/figure>\n\n\n\n<p>Tout cela aura \u00e9t\u00e9 possible gr\u00e2ce aux 60 volontaires, \u00e0 la dimension culturelle du Ch\u00e2teau Saint-Antoine et \u00e0 l\u2019envie de voir s\u2019\u00e9panouir un festival par toutes celles et tous ceux qui auront, pendant ces trois soir\u00e9es, fait vivre par leur pr\u00e9sence le sens des Heures Bleues, c\u2019est-\u00e0-dire, les festivaliers.&nbsp;&nbsp;<\/p>\n\n\n\n<p>\u00ab<em>Il faut vivre et non pas exister<\/em>\u00bb, \u00e9crivait Plutarque. Alors, le Festival Les Heures Bleues fera de m\u00eame pour quatri\u00e8me \u00e9dition avec l\u2019envie de faire vivre de nouveau, quelques soirs durant, l\u2019art sous ses diff\u00e9rentes expressions. En 2024, rendez-vous est pris avec les passionn\u00e9s de culture pour continuer de tisser entre tous, ces instants de vie et de partage dans un cadre unique, celui du Ch\u00e2teau Saint-Antoine.&nbsp;<\/p>\n\n\n<div class=\"wp-block-image is-style-rounded\">\n<figure class=\"aligncenter size-medium\"><img loading=\"lazy\" decoding=\"async\" width=\"300\" height=\"200\" src=\"https:\/\/lesheuresbleues.fr\/wp-content\/uploads\/2023\/07\/CSA-1-300x200.jpg\" alt=\"\" class=\"wp-image-648216\" srcset=\"http:\/\/lesheuresbleues.fr\/wp-content\/uploads\/2023\/07\/CSA-1-300x200.jpg 300w, http:\/\/lesheuresbleues.fr\/wp-content\/uploads\/2023\/07\/CSA-1-1024x683.jpg 1024w, http:\/\/lesheuresbleues.fr\/wp-content\/uploads\/2023\/07\/CSA-1-768x512.jpg 768w, http:\/\/lesheuresbleues.fr\/wp-content\/uploads\/2023\/07\/CSA-1-1536x1024.jpg 1536w, http:\/\/lesheuresbleues.fr\/wp-content\/uploads\/2023\/07\/CSA-1-2048x1365.jpg 2048w\" sizes=\"auto, (max-width: 300px) 100vw, 300px\" \/><\/figure>\n<\/div>\n\n\n<p><\/p>\n","protected":false},"excerpt":{"rendered":"<p>Selon la formule d\u2019Edgard Morin, qui vient de marquer ses 102 ans ce 8 juillet, le festival Les Heures Bleues aura \u00abinterrog\u00e9 sur ce que la musique nous dit, non seulement de nous-m\u00eames, mais aussi du cosmos&#8230;.\u00bb.\u00a0 Ces trois soir\u00e9es ont r\u00e9uni pr\u00e8s de 1300 festivaliers qui auront pu d\u00e9couvrir le ch\u00e2teau et la culture &hellip; <a href=\"http:\/\/lesheuresbleues.fr\/?page_id=769446\" class=\"more-link\">Continuer la lecture de <span class=\"screen-reader-text\">Les Heures Bleues 2023: un instant sous les \u00e9toiles<\/span>  <span class=\"meta-nav\">&rarr;<\/span><\/a><\/p>\n","protected":false},"author":158175784,"featured_media":0,"parent":0,"menu_order":0,"comment_status":"closed","ping_status":"closed","template":"","meta":{"_coblocks_attr":"","_coblocks_dimensions":"","_coblocks_responsive_height":"","_coblocks_accordion_ie_support":"","footnotes":""},"class_list":["post-769446","page","type-page","status-publish","hentry"],"_links":{"self":[{"href":"http:\/\/lesheuresbleues.fr\/index.php?rest_route=\/wp\/v2\/pages\/769446","targetHints":{"allow":["GET"]}}],"collection":[{"href":"http:\/\/lesheuresbleues.fr\/index.php?rest_route=\/wp\/v2\/pages"}],"about":[{"href":"http:\/\/lesheuresbleues.fr\/index.php?rest_route=\/wp\/v2\/types\/page"}],"author":[{"embeddable":true,"href":"http:\/\/lesheuresbleues.fr\/index.php?rest_route=\/wp\/v2\/users\/158175784"}],"replies":[{"embeddable":true,"href":"http:\/\/lesheuresbleues.fr\/index.php?rest_route=%2Fwp%2Fv2%2Fcomments&post=769446"}],"version-history":[{"count":0,"href":"http:\/\/lesheuresbleues.fr\/index.php?rest_route=\/wp\/v2\/pages\/769446\/revisions"}],"wp:attachment":[{"href":"http:\/\/lesheuresbleues.fr\/index.php?rest_route=%2Fwp%2Fv2%2Fmedia&parent=769446"}],"curies":[{"name":"wp","href":"https:\/\/api.w.org\/{rel}","templated":true}]}}