{"id":34,"date":"2020-01-12T23:48:28","date_gmt":"2020-01-12T22:48:28","guid":{"rendered":"https:\/\/lesheuresbleues.fr\/?page_id=34"},"modified":"2025-05-16T00:12:14","modified_gmt":"2025-05-15T22:12:14","slug":"contactez-nous","status":"publish","type":"page","link":"http:\/\/lesheuresbleues.fr\/?page_id=34","title":{"rendered":"Suivez-nous, contactez-nous"},"content":{"rendered":"\n<hr class=\"wp-block-separator has-css-opacity\"\/>\n\n\n\n<h2 class=\"wp-block-heading has-text-align-center\"><strong>Abonnez-vous \u00e0 nos newsletter<\/strong>s<\/h2>\n\n\n\n<p>Saisissez votre adresse et abonnez-vous en un clic.<\/p>\n\n\n\n\n\n<hr class=\"wp-block-separator has-text-color has-black-color has-css-opacity has-black-background-color has-background is-style-wide\"\/>\n\n\n\n<p class=\"has-text-color has-medium-font-size\" style=\"color:#e11f1f\"><strong>Pour les propositions artistiques, nous avons un mail r\u00e9serv\u00e9 \u00e0 cet effet: <a href=\"mailto:artistique@lesheuresbleues.fr\" target=\"_blank\" rel=\"noreferrer noopener\">artistique@lesheuresbleues.fr<\/a><\/strong><br><strong>Merci de ne pas utiliser le formulaire ci-dessous<\/strong>.<\/p>\n\n\n\n<hr class=\"wp-block-separator has-text-color has-black-color has-css-opacity has-black-background-color has-background is-style-wide\"\/>\n\n\n\n<p><\/p>\n\n\n\n<h2 class=\"wp-block-heading has-text-align-center\">Formulaire de contact:<br>envoyez votre message,<br>nous sommes \u00e0 votre \u00e9coute<\/h2>\n\n\n\n<p>Il suffit d&rsquo;indiquer vos noms et pr\u00e9nom (ou votre soci\u00e9t\u00e9 ou association), votre mail, et de remplir le champ \u00ab\u00a0Message\u00a0\u00bb. <br>T\u00e9l\u00e9phone et site web (\u00e9ventuellement) sont facultatifs.<\/p>\n\n\n\n<div class=\"wp-block-jetpack-contact-form\">\n\n\n\n\n\n\n\n\n\n<\/div>\n\n\n\n<hr class=\"wp-block-separator has-text-color has-black-color has-css-opacity has-black-background-color has-background is-style-wide\"\/>\n\n\n\n<p class=\"has-text-color has-medium-font-size\" style=\"color:#2914e0\"><strong>Vous pouvez nous suivre sur Facebook:<br><a rel=\"noreferrer noopener\" href=\"https:\/\/www.facebook.com\/FestivalLesHeuresBleues\" target=\"_blank\">https:\/\/www.facebook.com\/FestivalLesHeuresBleues<\/a><\/strong><\/p>\n\n\n\n<p class=\"has-text-color has-medium-font-size\" style=\"color:#2914e0\"><strong>Vous pouvez nous suivre sur Instagram:<br><\/strong><a href=\"https:\/\/www.instagram.com\/festival_les_heures_bleues\"><strong>https:\/\/www.instagram.com\/festival_les_heures_bleues<\/strong><\/a><\/p>\n\n\n\n<p class=\"has-text-color has-medium-font-size\" style=\"color:#2914e0\"><strong>Et bien s\u00fbr <a aria-label=\"undefined (s\u2019ouvre dans un nouvel onglet)\" rel=\"noreferrer noopener nofollow\" href=\"mailto:contact@lesheuresbleues.fr\" target=\"_blank\">notre mail pour les spectateurs<\/a>\u2026<\/strong><\/p>\n\n\n\n<hr class=\"wp-block-separator has-text-color has-black-color has-css-opacity has-black-background-color has-background is-style-wide\"\/>\n\n\n<div class=\"wp-block-image\">\n<figure class=\"aligncenter size-large\"><img decoding=\"async\" src=\"https:\/\/lesheuresbleues.fr\/wp-content\/uploads\/2020\/01\/affiche-diagonale-hb-rc3a9duit.jpg?w=1024\" alt=\"\" class=\"wp-image-20\"\/><\/figure>\n<\/div>","protected":false},"excerpt":{"rendered":"<p>Abonnez-vous \u00e0 nos newsletters Saisissez votre adresse et abonnez-vous en un clic. Pour les propositions artistiques, nous avons un mail r\u00e9serv\u00e9 \u00e0 cet effet: artistique@lesheuresbleues.frMerci de ne pas utiliser le formulaire ci-dessous. Formulaire de contact:envoyez votre message,nous sommes \u00e0 votre \u00e9coute Il suffit d&rsquo;indiquer vos noms et pr\u00e9nom (ou votre soci\u00e9t\u00e9 ou association), votre mail, &hellip; <a href=\"http:\/\/lesheuresbleues.fr\/?page_id=34\" class=\"more-link\">Continuer la lecture de <span class=\"screen-reader-text\">Suivez-nous, contactez-nous<\/span>  <span class=\"meta-nav\">&rarr;<\/span><\/a><\/p>\n","protected":false},"author":143852627,"featured_media":0,"parent":0,"menu_order":0,"comment_status":"closed","ping_status":"closed","template":"","meta":{"_coblocks_attr":"","_coblocks_dimensions":"","_coblocks_responsive_height":"","_coblocks_accordion_ie_support":"","footnotes":""},"class_list":["post-34","page","type-page","status-publish","hentry"],"_links":{"self":[{"href":"http:\/\/lesheuresbleues.fr\/index.php?rest_route=\/wp\/v2\/pages\/34","targetHints":{"allow":["GET"]}}],"collection":[{"href":"http:\/\/lesheuresbleues.fr\/index.php?rest_route=\/wp\/v2\/pages"}],"about":[{"href":"http:\/\/lesheuresbleues.fr\/index.php?rest_route=\/wp\/v2\/types\/page"}],"author":[{"embeddable":true,"href":"http:\/\/lesheuresbleues.fr\/index.php?rest_route=\/wp\/v2\/users\/143852627"}],"replies":[{"embeddable":true,"href":"http:\/\/lesheuresbleues.fr\/index.php?rest_route=%2Fwp%2Fv2%2Fcomments&post=34"}],"version-history":[{"count":0,"href":"http:\/\/lesheuresbleues.fr\/index.php?rest_route=\/wp\/v2\/pages\/34\/revisions"}],"wp:attachment":[{"href":"http:\/\/lesheuresbleues.fr\/index.php?rest_route=%2Fwp%2Fv2%2Fmedia&parent=34"}],"curies":[{"name":"wp","href":"https:\/\/api.w.org\/{rel}","templated":true}]}}