{"id":1236748,"date":"2025-06-08T19:12:14","date_gmt":"2025-06-08T17:12:14","guid":{"rendered":"https:\/\/lesheuresbleues.fr\/?page_id=1236748"},"modified":"2025-06-08T19:12:16","modified_gmt":"2025-06-08T17:12:16","slug":"arcelli-ensemble-de-violoncelles","status":"publish","type":"page","link":"http:\/\/lesheuresbleues.fr\/?page_id=1236748","title":{"rendered":"Arcelli, ensemble de violoncelles"},"content":{"rendered":"\n<p>Un ensemble de six violoncelles, six jeunes talents aux archets: Lila JEUNET, Ana\u00eblle COUETTE, Ell\u00e9a NOWICKI, Ma\u00eblis GEORGES, Yannis DEBON, Lilo RAYNAUD.<\/p>\n\n\n<div class=\"wp-block-image\">\n<figure class=\"aligncenter size-full\"><img loading=\"lazy\" decoding=\"async\" width=\"640\" height=\"958\" src=\"https:\/\/lesheuresbleues.fr\/wp-content\/uploads\/2025\/06\/2025-Primis-1-Arcelli.png\" alt=\"\" class=\"wp-image-1236741\" srcset=\"http:\/\/lesheuresbleues.fr\/wp-content\/uploads\/2025\/06\/2025-Primis-1-Arcelli.png 640w, http:\/\/lesheuresbleues.fr\/wp-content\/uploads\/2025\/06\/2025-Primis-1-Arcelli-200x300.png 200w\" sizes=\"auto, (max-width: 640px) 100vw, 640px\" \/><\/figure>\n<\/div>\n\n\n<p>Ils joueront du classique, et du moins classique: L\u00e9onard BERNSTEIN, Antonio VIVALDI, David POPPER, Gabriel FAUR\u00c9, Astor PIAZZOLLA.<\/p>\n\n\n\n<p><strong>Aux Heures Bleues jeudi 3 juillet 2025<\/strong><\/p>\n\n\n\n<p>Des jeunes \u00e9tudiants de l\u2019IESM (Institut d\u2019Enseignement Sup\u00e9rieur de la Musique \u2013 Europe et M\u00e9diterran\u00e9e)&nbsp;:<br><a href=\"https:\/\/iesm.fr\/\" target=\"_blank\" rel=\"noreferrer noopener\">https:\/\/iesm.fr\/<\/a><\/p>\n\n\n\n<p><\/p>\n","protected":false},"excerpt":{"rendered":"<p>Un ensemble de six violoncelles, six jeunes talents aux archets: Lila JEUNET, Ana\u00eblle COUETTE, Ell\u00e9a NOWICKI, Ma\u00eblis GEORGES, Yannis DEBON, Lilo RAYNAUD. Ils joueront du classique, et du moins classique: L\u00e9onard BERNSTEIN, Antonio VIVALDI, David POPPER, Gabriel FAUR\u00c9, Astor PIAZZOLLA. Aux Heures Bleues jeudi 3 juillet 2025 Des jeunes \u00e9tudiants de l\u2019IESM (Institut d\u2019Enseignement Sup\u00e9rieur &hellip; <a href=\"http:\/\/lesheuresbleues.fr\/?page_id=1236748\" class=\"more-link\">Continuer la lecture de <span class=\"screen-reader-text\">Arcelli, ensemble de violoncelles<\/span>  <span class=\"meta-nav\">&rarr;<\/span><\/a><\/p>\n","protected":false},"author":158175784,"featured_media":1236749,"parent":340,"menu_order":0,"comment_status":"closed","ping_status":"closed","template":"","meta":{"_coblocks_attr":"","_coblocks_dimensions":"","_coblocks_responsive_height":"","_coblocks_accordion_ie_support":"","footnotes":""},"class_list":["post-1236748","page","type-page","status-publish","has-post-thumbnail","hentry"],"_links":{"self":[{"href":"http:\/\/lesheuresbleues.fr\/index.php?rest_route=\/wp\/v2\/pages\/1236748","targetHints":{"allow":["GET"]}}],"collection":[{"href":"http:\/\/lesheuresbleues.fr\/index.php?rest_route=\/wp\/v2\/pages"}],"about":[{"href":"http:\/\/lesheuresbleues.fr\/index.php?rest_route=\/wp\/v2\/types\/page"}],"author":[{"embeddable":true,"href":"http:\/\/lesheuresbleues.fr\/index.php?rest_route=\/wp\/v2\/users\/158175784"}],"replies":[{"embeddable":true,"href":"http:\/\/lesheuresbleues.fr\/index.php?rest_route=%2Fwp%2Fv2%2Fcomments&post=1236748"}],"version-history":[{"count":0,"href":"http:\/\/lesheuresbleues.fr\/index.php?rest_route=\/wp\/v2\/pages\/1236748\/revisions"}],"up":[{"embeddable":true,"href":"http:\/\/lesheuresbleues.fr\/index.php?rest_route=\/wp\/v2\/pages\/340"}],"wp:featuredmedia":[{"embeddable":true,"href":"http:\/\/lesheuresbleues.fr\/index.php?rest_route=\/wp\/v2\/media\/1236749"}],"wp:attachment":[{"href":"http:\/\/lesheuresbleues.fr\/index.php?rest_route=%2Fwp%2Fv2%2Fmedia&parent=1236748"}],"curies":[{"name":"wp","href":"https:\/\/api.w.org\/{rel}","templated":true}]}}