{"id":1236376,"date":"2025-04-20T21:57:56","date_gmt":"2025-04-20T19:57:56","guid":{"rendered":"https:\/\/lesheuresbleues.fr\/?page_id=1236376"},"modified":"2025-04-20T22:03:26","modified_gmt":"2025-04-20T20:03:26","slug":"the-littles","status":"publish","type":"page","link":"http:\/\/lesheuresbleues.fr\/?page_id=1236376","title":{"rendered":"The Littles"},"content":{"rendered":"<div class=\"wp-block-image\">\n<figure class=\"aligncenter size-large\"><img loading=\"lazy\" decoding=\"async\" width=\"1024\" height=\"577\" src=\"https:\/\/lesheuresbleues.fr\/wp-content\/uploads\/2025\/04\/2025-Littles-02-1024x577.jpeg\" alt=\"\" class=\"wp-image-1236373\" srcset=\"http:\/\/lesheuresbleues.fr\/wp-content\/uploads\/2025\/04\/2025-Littles-02-1024x577.jpeg 1024w, http:\/\/lesheuresbleues.fr\/wp-content\/uploads\/2025\/04\/2025-Littles-02-300x169.jpeg 300w, http:\/\/lesheuresbleues.fr\/wp-content\/uploads\/2025\/04\/2025-Littles-02-768x432.jpeg 768w, http:\/\/lesheuresbleues.fr\/wp-content\/uploads\/2025\/04\/2025-Littles-02-1536x865.jpeg 1536w, http:\/\/lesheuresbleues.fr\/wp-content\/uploads\/2025\/04\/2025-Littles-02.jpeg 1600w\" sizes=\"auto, (max-width: 1024px) 100vw, 1024px\" \/><\/figure>\n<\/div>\n\n\n<p>Quatre gar\u00e7ons dans le vent, restituent sur sc\u00e8ne les arrangements qui ont fait la l\u00e9gende des BEATLES. Leur \u00e9nergie transporte le public dans l\u2019univers des FAB\u2019FOUR de Liverpool, le groupe le plus populaire du XX\u00e8me si\u00e8cle. Sans mim\u00e9tisme, juste un clin d\u2019\u0153il avec leurs costumes ajust\u00e9s et leurs cravates bien nou\u00e9es, les quatre musiciens s\u00e9duisent un public de tous \u00e2ges et rendent hommage avec grand respect \u00e0 ce groupe l\u00e9gendaire en exprimant sur sc\u00e8ne, avec passion et personnalit\u00e9 , ces chansons connues de tous.<\/p>\n\n\n\n<p>Les Littles, aux Heures Bleues, jeudi 3 juillet 2025.<\/p>\n\n\n<div class=\"wp-block-image\">\n<figure class=\"aligncenter size-large\"><img loading=\"lazy\" decoding=\"async\" width=\"1024\" height=\"729\" src=\"https:\/\/lesheuresbleues.fr\/wp-content\/uploads\/2025\/04\/2025-Littles-01-1024x729.jpg\" alt=\"\" class=\"wp-image-1236375\" srcset=\"http:\/\/lesheuresbleues.fr\/wp-content\/uploads\/2025\/04\/2025-Littles-01-1024x729.jpg 1024w, http:\/\/lesheuresbleues.fr\/wp-content\/uploads\/2025\/04\/2025-Littles-01-300x214.jpg 300w, http:\/\/lesheuresbleues.fr\/wp-content\/uploads\/2025\/04\/2025-Littles-01-768x547.jpg 768w, http:\/\/lesheuresbleues.fr\/wp-content\/uploads\/2025\/04\/2025-Littles-01.jpg 1080w\" sizes=\"auto, (max-width: 1024px) 100vw, 1024px\" \/><\/figure>\n<\/div>\n\n\n<p>Leur site Internet: <a href=\"https:\/\/thelittles.fr\" target=\"_blank\" rel=\"noreferrer noopener\">https:\/\/thelittles.fr<\/a><\/p>\n","protected":false},"excerpt":{"rendered":"<p>Quatre gar\u00e7ons dans le vent, restituent sur sc\u00e8ne les arrangements qui ont fait la l\u00e9gende des BEATLES. Leur \u00e9nergie transporte le public dans l\u2019univers des FAB\u2019FOUR de Liverpool, le groupe le plus populaire du XX\u00e8me si\u00e8cle. Sans mim\u00e9tisme, juste un clin d\u2019\u0153il avec leurs costumes ajust\u00e9s et leurs cravates bien nou\u00e9es, les quatre musiciens s\u00e9duisent &hellip; <a href=\"http:\/\/lesheuresbleues.fr\/?page_id=1236376\" class=\"more-link\">Continuer la lecture de <span class=\"screen-reader-text\">The Littles<\/span>  <span class=\"meta-nav\">&rarr;<\/span><\/a><\/p>\n","protected":false},"author":143852627,"featured_media":1236379,"parent":340,"menu_order":0,"comment_status":"closed","ping_status":"closed","template":"","meta":{"_coblocks_attr":"","_coblocks_dimensions":"","_coblocks_responsive_height":"","_coblocks_accordion_ie_support":"","footnotes":""},"class_list":["post-1236376","page","type-page","status-publish","has-post-thumbnail","hentry"],"_links":{"self":[{"href":"http:\/\/lesheuresbleues.fr\/index.php?rest_route=\/wp\/v2\/pages\/1236376","targetHints":{"allow":["GET"]}}],"collection":[{"href":"http:\/\/lesheuresbleues.fr\/index.php?rest_route=\/wp\/v2\/pages"}],"about":[{"href":"http:\/\/lesheuresbleues.fr\/index.php?rest_route=\/wp\/v2\/types\/page"}],"author":[{"embeddable":true,"href":"http:\/\/lesheuresbleues.fr\/index.php?rest_route=\/wp\/v2\/users\/143852627"}],"replies":[{"embeddable":true,"href":"http:\/\/lesheuresbleues.fr\/index.php?rest_route=%2Fwp%2Fv2%2Fcomments&post=1236376"}],"version-history":[{"count":0,"href":"http:\/\/lesheuresbleues.fr\/index.php?rest_route=\/wp\/v2\/pages\/1236376\/revisions"}],"up":[{"embeddable":true,"href":"http:\/\/lesheuresbleues.fr\/index.php?rest_route=\/wp\/v2\/pages\/340"}],"wp:featuredmedia":[{"embeddable":true,"href":"http:\/\/lesheuresbleues.fr\/index.php?rest_route=\/wp\/v2\/media\/1236379"}],"wp:attachment":[{"href":"http:\/\/lesheuresbleues.fr\/index.php?rest_route=%2Fwp%2Fv2%2Fmedia&parent=1236376"}],"curies":[{"name":"wp","href":"https:\/\/api.w.org\/{rel}","templated":true}]}}